0 + -1 + -6
-11
Calculate -1 - (-15 - (0 - -9 - 40)).
-17
What is -29 + (22 - (2 - -3)) + 17?
5
Evaluate 2 - 16 - (-5 + -5 + 1 - -3).
-8
28 - (16 + -10 + 15 + -26)
33
What is -6 + 6 + -2 + (7 - 10 - 3)?
-8
What is (9 - 12 - -2) + -11?
-12
-1 + (-6 - -7) + (8 - 11)
-3
Evaluate -58 - (1 - -3 - 49).
-13
Calculate -6 + -10 + (-84 - -102).
2
What is the value of -13 - (-9 + (0 - 2 - (112 - 114)))?
-4
(-1 - (2 - 5)) + -8 - (615 - 619)
-2
Calculate 13 - 17 - (26 + -11).
-19
What is -16 + 50 + -42 + -3 + 1?
-10
What is (-2 + 2 + 2 - -3) + 51 + -53?
3
(17 - 10) + -8 - -13
12
What is -100 + 116 + (-2 - 1 - (-1 + 1))?
13
-13 + -4 + 1 + (5 - -5 - 5)
-11
What is -15 - -6 - (11 + -1 - 0 - 6)?
-13
Evaluate 2 + (-5 - -6) + 8 + 7 + -3.
15
Calculate 6 - -9 - 14 - (0 - (1 + -17)).
-15
2 - (9 - 13) - 26
-20
What is 9 + 15 + 25 + -57?
-8
What is the value of -32 - 0 - ((-2 + 6 - 13) + 7)?
-30
(-2 - 0) + (-4 - -30) + -16
8
What is (-41 + 19 - (-34 + 2)) + (-1 - 5)?
4
What is the value of -6 + 4 + -4 + 6 + -1 + 12?
11
What is -11 - (0 + (-5 - (-11 - -10)))?
-7
Calculate (-5 - -1) + (-25 + 5 - (0 - -1)).
-25
What is the value of (-6 + 3 - 2) + 13 + 18 + -13?
13
What is 26 - (5 + -7 - -3)?
25
Evaluate -21 + -2 - (578 - 594).
-7
What is the value of -6 + -17 - -35 - (-7 + 2 - 0)?
17
Calculate 13 + (-24 - -7 - -9) + 8.
13
9 - -2 - ((-32 - -67) + -42)
18
Calculate -5 + 7 - -3 - 7 - (-6 - -1).
3
What is (-7 - (1 + 7 + (8 - 20))) + -7?
-10
Calculate 21 + 19 + -29 - 18.
-7
What is 2 - ((-7 + 0 - 1) + -341 + 336)?
15
What is 566 - 585 - ((-2 - (0 + -1)) + -6)?
-12
Evaluate 9 - -3 - 2 - (21 + 6).
-17
22 - 34 - (-24 - 9)
21
Evaluate 11 - (-13 - (-13 + 13 + (-12 - -7))).
19
Evaluate -16 - -6 - (13 + (-11 - -10) + -11).
-11
What is the value of 14 + 11 - (51 + -29)?
3
What is the value of (-7 - -3) + (12 - 2) + (-23 - -15)?
-2
What is the value of 11 + -7 + -13 + (-10 - -33)?
14
0 + 51 + -1167 + 1136
20
Evaluate 23 + -19 - (-2 + 6 - (7 - 3)).
4
Evaluate 8 + -22 + 50 - 22.
14
Evaluate (15 - 35 - -9) + 11.
0
Evaluate -23 + 27 + 25 - 45.
-16
Calculate 25 + 19 + (-30 - -7).
21
Calculate -2 - ((5 - 22) + (11 - 1)).
5
(-1 + 10 - (116 - 89)) + -4
-22
2 - ((5 + (-13 - -8) - -19) + -6)
-11
What is the value of (-3 - (1 + -7)) + 8 + 1 + -5?
7
-5 + (-4 - (-4 + (-6 - -6) + 1))
-6
Calculate 11 + 1 + (-14 + 10 - (23 + 6)).
-21
What is -4 - (-8 + -4 + 4) - (-28 - -20)?
12
96 + -104 - (4 - 35)
23
205 - 215 - (2 - 7)
-5
-11 - ((-8 - -6) + -4) - 13
-18
What is 8996 - 8994 - (0 + -13 + 1)?
14
Calculate 22 - ((-30 - -16) + 6).
30
What is the value of 9 - ((-6 - -24) + -5) - 12?
-16
What is the value of -5 + -3 + -13 + 0 + -2?
-23
What is the value of 12 + -11 + -12 + -9?
-20
What is 16 + (-26 - -11 - -12) + -5?
8
What is the value of 5 + -7 - (7 - 0 - (62 - 49))?
4
What is the value of 3 + (-8 + (-6 - -6) - -16)?
11
What is the value of 29 - 10 - (39 - (1 + -8))?
-27
-77 + 19 - -22 - -17
-19
What is 2 + (-32 - (0 + 6 + -6)) + -8?
-38
What is (-21 - 7) + 16 + (-5 - 1) + 3?
-15
What is the value of -1 + -18 - (-8 + 7 + -6 + 3)?
-15
Evaluate (9 - 10) + 11 - (-6 - (-6 + 17)).
27
What is 40 + -39 + -14 + -7?
-20
What is the value of 5 + (-7 - (-3 - 0)) + -53 + 52?
0
Calculate -4 + (-10 - -19) - -1.
6
What is the value of (1 - -4) + 5 + 7 + -11?
6
Calculate -5 + -13 + (-17 - -18) + -5.
-22
What is (-1 - 20) + -3 + 1 - (758 + -764)?
-17
Calculate -4 + (2 - (10 + 0)) - (-20 + 15).
-7
What is the value of 7 + -13 + 0 + 22 + -11?
5
What is (-1 - -26) + -113 + 103 + 8?
23
What is the value of -6 - -20 - (44 - 19)?
-11
Evaluate -1 + (-6 + 0 + -2 - (-30 + 17)).
4
Calculate -11 - (-3 + (0 + 0 - 1)).
-7
Evaluate 173 - 197 - (-3 - 16).
-5
(-34 - (-8 - 37)) + (4 - 1) + -43
-29
31 - (63 + -22 - 26)
16
What is the value of (-6 - (-3 + -6)) + -2 - 13?
-12
Calculate -11 + (-8 + -9 + 8 + 1 - -10).
-9
-4 + (59 - (35 - 3))
23
Calculate 6 + -4 + -14 - (1 - -5 - 1).
-17
(-440 - -441) + (1 - (-15 - -2))
15
What is the value of (-21 - (-31 + 12)) + 19?
17
-176 + 181 + (2 - 2) + -2
3
What is the value of (15 - -60 - 87) + (24 - 1)?
11
Calculate 1649 + -1631 + -1 + -5 + -1.
11
What is 53 + (35 - (37 - -12))?
39
Calculate (60 - 63) + (1 - -7).
5
What is the value of (-37 - (6 + -40)) + 14?
11
Evaluate 14 + -32 - 3 - -20.
-1
Evaluate -1 - -4 - (-20 + (-6 - -28)).
1
What is -25 - (-17 - (8 - 4) - -9)?
-13
Calculate -17 + 0 + (46 - 37).
-8
Calculate 4 - -6 - (1 + 11) - (1 - 11).
8
Calculate 4 + 13 - 0 - (14 + -9 + 3).
9
Evaluate -12 + (-9 - (-7 + 1)) - -5.
-10
What is the value of (-5 - -9) + -12 + 5 + 2 + -5?
-6
15 + -51 - (-4 + 0 + -5) - -11
-16
What is 6 + -11 - (1 + 8 + -46)?
32
What is the value of 4 - 2 - ((-1 - 5 - 3) + 7)?
4
Calculate 6 + -17 + 10 + 6.
5
What is the value of (-8 + 10 + 9 - 2) + -12?
-3
What is the value of -13 + -6 + -1 + 1 + 7?
-12
What is the value of (1 - 6) + (-6 - 28 - (-43 - -33))?
-29
Evaluate (0 - 0) + 29 - (27 - (71 - 50)).
23
Evaluate -10 + -1 + -1 + (-1061 - -1076).
3
What is the value of (14 + -45 - 8) + (10 - 8)?
-37
Evaluate -6 + 15 - 12 - -11 - (-5 + 19).
-6
3 - (-15 + 11 - -4)
3
What is 3 + 9 + (-39 - -27)?
0
Evaluate -5 + -10 + (13 - 5 - 2).
-9
Evaluate (-10 - 31) + (-4 - 0 - -16).
-29
What is -10 + (-26 - -9 - -22)?
-5
What is (-14 - -8) + (0 - 24)?
-30
Calculate (-21 - -3) + -32 + 38 + 4.
-8
What is the value of -8 + (-2 - 3) + 6 + 7?
0
What is the value of -4 - (5 - (5 - -5))?
1
Evaluate 69 + -84 + -2 + 1.
-16
Calculate (-27 - -39 - -19) + -14.
17
What is the value of -3 - (1 + -4 - -2) - -5 - 9?
-6
What is the value of -8 + (45 + -6 + -4 - (7 + 2))?
18
What is 21 - (31 + 10) - 6?
-26
What is -45 - 17 - -36 - 1?
-27
What is the value of 8 + ((-4 - 2) + -2 - -4)?
4
What is -20 + (8 - (6 + 3 - 5))?
-16
What is 0 + -10 + (-29 - -28) + 3 + -12?
-20
What is the value of 3 + (0 - (3 + -1 - -3) - 5)?
-7
What is the value of 9 - (-6 - (-28 - (-14 + 7)))?
-6
(-4 - -6) + -7 - (116 - 123)
2
Calculate 17 + (-4 - (15 + -14)) + 14.
26
Calculate 10 + 5 + (-32 - -2) + -5.
-20
What is -6 - (-4 + 3) - -8 - 0?
3
Calculate (-7 - (15 + -17 + 1)) + (9 - 1).
2
What is -10 + -13 + -2 + 15?
-10
What is the value of -415 + 423 + (-1 - 1) + -13?
-7
What is the value of 3 - (4 + -1 + (-24 - -20) - -5)?
-1
-1 + -3 - 2 - (57 + -75)
12
Evaluate -6 + (2 + -10 - -20).
6
What is the value of 2 + -7 - (-113 - -126)?
-18
What is 1 + -1 - (1 - -13) - (-242 + 241)?
-13
What is -64 + 71 + (1 - 2) + 1?
7
Calculate 3 + -1 + (-7 - (-3 + -1)).
-1
What is the value of 8 + (26 - (7 + 12 - 5))?
20
What is the value of (0 - (22 - 38)) + -36?
-20
Calculate 23 - -6 - (-13 - -18).
24
What is -2 - 4 - (-18 - -10 - -41 - -2)?
-41
What is the value of 8 - ((-97 - -83) + 0 + 6)?
16
What is the value of -9 - (-2 - -19 - (6 - (-4 - -1)))?
-17
What is 56 + -42 - (6 - 0)?
8
Calculate -11 - (39 - 50) - 15.
-15
-30 - 0 - (-23 + (-2 - 2 - -18))
-21
Evaluate (-3 - (2 + -15)) + 1.
11
What is (4 - 0) + (-23 - (10 + -27))?
-2
What is -11 + (8 - 3) + -21 + (-1 - -13)?
-15
Calculate 36 + -1 - (-1580 + 1622).
-7
(-5 - -5) + (-1 + -1 - (9 + -10))
-1
(-3 - (-10 - -6)) + 5 + 0 + -15
-9
1 + 9 - (-28 - -41)
-3
What is the value of -45 + 58 - (0 + 6)?
7
7 + (-1 + 2 - 2 - 5 - -9)
10
What is (-31 - (-25 - -1) - (-12 + -1)) + 9?
15
Evaluate -2 + 4 + -3 + 2 + -6 + 6.
1
(-480 - -491) + (-13 - 0) + 0
-2
What is 3 - -1 - ((29 - 16) + (-4 - -1))?
-6
Calculate 42 + -36 + (-6 - (3 - (-2 - -19))).
14
7 + -4 + 3 + 0 + -11
-5
-22 + 10 + (2 - (-5 - -10))
-15
Evaluate 47 + -26 - 13 - (27 + (-4 - -1)).
-16
What is the value of 4 + 3 + 10 + -358 + 340?
-1
What is the value of 0 - (-1 - 7) - (196 + -199)?
11
What is -5 - -6 - (-3 + 7 - 0)?
-3
What is (-5 - 3) + 15 + -5 - (6 - 0)?
-4
Evaluate 2 - 4 - ((-15 - -17) + -1).
-3
Evaluate 0 + (-5 - -15) - (0 - (11 - 47)).
-26
-22 - -8 - (2 + -4)
-12
(-41 - 17) + 20 + 9
-29
Evaluate 2 + (-3 - 17 - -8 - (0 + 1)).
-11
What is -29 + (12 + (5 - 9) - -2) - -8?
-11
What is the value of (-5 + -10 - (6 - 18)) + 9?
6
What is -31 - (8 - 66 - -14)?
13
10 - (-6 - (-4 - 0) - 2)
14
Calculate 33 + 13 + -56 - -1.
-9
What is -8525 - -8539 - (1 - 1 - -14)?
0
What is -17 + 33 + (24 - 32)?
8
What is (1 - 2) + 5 + -6 + (14 - 0)?
12
What is -3 + (-24 - -24) - 9?
-12
What is 12 - (11 + -8 + 17)?
-8
What is the value of 2 + (1 - -4) - 0?
7
Evaluate -9 - (